r?
True
Is 10039 a prime number?
True
Is 14387 a composite number?
False
Is 55661 a prime number?
True
Is 142889 a composite number?
True
Is 30467 composite?
False
Is 2153 a prime number?
True
Is 220279 a composite number?
False
Is 941 prime?
True
Is 3223 composite?
True
Is 53479 a prime number?
True
Is 10223 a prime number?
True
Is 389191 composite?
True
Is 44227 a composite number?
True
Is 39367 a composite number?
False
Is 3142 a composite number?
True
Is 330821 a prime number?
True
Is 44867 a prime number?
True
Is 2317 a prime number?
False
Is 19 a composite number?
False
Is 45863 prime?
True
Is 293021 a composite number?
False
Is 26833 a composite number?
False
Is 2161 a prime number?
True
Is 432191 a prime number?
False
Is 163367 prime?
True
Is 55529 a prime number?
True
Is 10913 composite?
True
Is 7631869 prime?
False
Is 4721 prime?
True
Is 69253 a composite number?
True
Is 121751 composite?
True
Is 13799 composite?
False
Is 7939 a prime number?
False
Is 7151 prime?
True
Is 6145 a composite number?
True
Is 68393 a prime number?
False
Is 959 a prime number?
False
Is 623527 a composite number?
True
Is 697187 a prime number?
False
Is 16181 a prime number?
False
Is 264301 composite?
False
Is 579379 prime?
True
Is 1313087 a prime number?
True
Is 16873 a composite number?
True
Is 194965 prime?
False
Is 1439 prime?
True
Is 67207 prime?
False
Is 48403 a composite number?
True
Is 15529 prime?
False
Is 6803 a composite number?
False
Is 1245957 a prime number?
False
Is 145091 prime?
True
Is 1053953 composite?
False
Is 48259 a prime number?
True
Is 961973 composite?
False
Is 75913 prime?
True
Is 2162113 a composite number?
False
Is 122593 composite?
True
Is 114217 prime?
True
Is 122377 a prime number?
False
Is 719 composite?
False
Is 999491 a prime number?
True
Is 5669 a prime number?
True
Is 158951 prime?
False
Is 4111 a composite number?
False
Is 13087 composite?
True
Is 37717 a prime number?
True
Is 11027 a composite number?
False
Is 9313 composite?
True
Is 646705 a prime number?
False
Is 16621 a prime number?
False
Is 428429 a prime number?
True
Is 184849 a prime number?
False
Is 2705 a composite number?
True
Is 21891 composite?
True
Is 47161 composite?
False
Is 38299 a prime number?
True
Is 1829 composite?
True
Is 117103 composite?
True
Is 208433 composite?
False
Is 5627 a prime number?
False
Is 172537 a composite number?
True
Is 910307 a prime number?
True
Is 5129 a composite number?
True
Is 337979 a composite number?
True
Is 663683 composite?
False
Is 403943 a composite number?
True
Is 713 composite?
True
Is 409 prime?
True
Is 8813 composite?
True
Is 126173 a prime number?
True
Is 46841 a composite number?
True
Is 326437 prime?
True
Is 233867 prime?
False
Is 41941 prime?
True
Is 108227 prime?
False
Is 1643 prime?
False
Is 54573 prime?
False
Is 1397 composite?
True
Is 45377 a composite number?
False
Is 796073 composite?
True
Is 195563 a prime number?
False
Is 7297 a composite number?
False
Is 3547 composite?
False
Is 10651 prime?
True
Is 4285 composite?
True
Is 522239 prime?
True
Is 96893 prime?
True
Is 626163 composite?
True
Is 2437 composite?
False
Is 49183 a composite number?
True
Is 63667 a composite number?
False
Is 13643 prime?
False
Is 298223 composite?
False
Is 2228321 composite?
False
Is 278 a prime number?
False
Is 10021 a composite number?
True
Is 541 a prime number?
True
Is 8173 a composite number?
True
Is 95291 a prime number?
False
Is 3175985 a composite number?
True
Is 84389 a composite number?
False
Is 19819 prime?
True
Is 1690097 a prime number?
True
Is 20287 prime?
True
Is 10391 prime?
True
Is 10511 a prime number?
False
Is 919 a composite number?
False
Is 431363 prime?
True
Is 7243 composite?
False
Is 4321 composite?
True
Is 49103 prime?
True
Is 35759 a prime number?
True
Is 12037 composite?
False
Is 21143 composite?
False
Is 91565 prime?
False
Is 1657 prime?
True
Is 2333 composite?
False
Is 55973 prime?
False
Is 4127 composite?
False
Is 154015 a composite number?
True
Is 53545 composite?
True
Is 13749 prime?
False
Is 158419 a prime number?
True
Is 25913 composite?
False
Is 43211 composite?
True
Is 55907 a composite number?
True
Is 43 a composite number?
False
Is 6116401 a composite number?
False
Is 66517 prime?
False
Is 47599 a prime number?
True
Is 1898683 composite?
True
Is 16273 a prime number?
True
Is 186841 a prime number?
True
Is 135502 prime?
False
Is 13901 prime?
True
Is 2779 composite?
True
Is 29983 a composite number?
False
Is 250331 a composite number?
True
Is 25003 a prime number?
False
Is 133373 prime?
False
Is 1265167 a prime number?
True
Is 43207 composite?
False
Is 13019 a composite number?
True
Is 2503 a prime number?
True
Is 4409 composite?
False
Is 1104427 prime?
True
Is 3277 a composite number?
True
Is 12841 composite?
False
Is 206995 a composite number?
True
Is 149269 prime?
True
Is 1361 prime?
True
Is 1663 a prime number?
True
Is 1225493 a composite number?
False
Is 14401 prime?
True
Is 1283563 a prime number?
True
Is 8903 a prime number?
False
Is 6863 prime?
True
Is 1843 a prime number?
False
Is 1346951 prime?
True
Is 106531 a prime number?
True
Is 37211 prime?
False
Is 205987 a composite number?
True
Is 157 prime?
True
Is 13259 a composite number?
False
Is 226813 prime?
True
Is 1675259 composite?
False
Is 112883 a prime number?
False
Is 27127 a composite number?
False
Is 2153 prime?
True
Is 423611 prime?
False
Is 24793 prime?
True
Is 29473 composite?
False
Is 34379 a composite number?
True
Is 3960977 a composite number?
False
Is 5141 a composite number?
True
Is 2204899 a prime number?
False
Is 143159 prime?
True
Is 6563 a composite number?
False
Is 437 composite?
True
Is 86971 composite?
True
Is 73977 composite?
True
Is 227869 prime?
True
Is 16373 prime?
False
Is 9901 a prime number?
True
Is 6243 composite?
True
Is 547817 a composite number?
False
Is 8651 a composite number?
True
Is 115057 a composite number?
False
Is 37399 prime?
False
Is 468811 composite?
True
Is 5737 a prime number?
True
Is 5389 a prime number?
False
Is 583 a composite number?
True
Is 23281 a composite number?
True
Is 807431 composite?
True
Is 1351757 prime?
False
Is 10679 prime?
False
Is 90787 a composite number?
False
Is 6953 composite?
True
Is 48931 a composite number?
True
Is 50671 a composite number?
False
Is 86511 a composite number?
True
Is 522719 composite?
False
Is 3499 a prime number?
True
Is 54721 a prime number?
True
Is 831287 composite?
False
Is 40643 prime?
False
Is 836947 a composite number?
True
Is 2491 a composite number?
True
Is 71059 a composite number?
False
Is 15439 prime?
True
Is 21661 composite?
False
Is 5098 a composite number?
True
Is 213881 prime?
True
Is 15803 a prime number?
True
Is 11499 a prime number?
False
Is 6127 a prime number?
False
Is 1056903 a composite number?
True
Is 54301 a composite number?
True
Is 97558 composite?
True
Is 17539 composite?
False
Is 99483 a composite number?
True
Is 24869 composite?
True
Is 9793 prime?
False
Is 19443 prime?
False
Is 473117 composite?
False
Is 20317 composite?
True
Is 172199 a prime number?
True
Is 191 composite?
False
Is 5057 a prime number?
False
Is 123691 a prime number?
False
Is 2923 prime?
False
Is 16381 a prime number?
True
Is 416807 a composite number?
True
Is 343849 a composite number?
True
Is 9767 a composite number?
False
Is 5458 a prime number?
False
Is 4327 prime?
True
Is 496274 prime?
False
Is 8027 a composite number?
True
Is 113581 a composite number?
True
Is 43841 prime?
False
Is 47041 prime?
True
Is 30715 composite?
True
Is 889003 a prime number?
False
Is 5147 a prime number?
True
Is 422953 composite?
True
Is 254253 a prime number?
False
Is 409 a composite number?
False
Is 5951 prime?
False
Is 73811 a prime number?
False
Is 122506 prime?
False
Is 1654349 prime?
False
Is 1301369 prime?
False
Is 2034449 a composite number?
False
Is 128137 composite?
True
Is 127423 a composite number?
False
Is 422245 a prime number?
False
Is 18947 prime?
True
Is 6073 a prime number?
True
Is 12187 a prime number?
False
Is 12981 prime?
False
Is 54469 a prime number?
True
Is 243703 a prime number?
True
Is 464605 composite?
True
Is 743449 a prime number?
False
Is 9838 a composite number?
True
Is 164183 prime?
True
Is 158393 prime?
True
Is 70289 a prime number?
